{"id":115,"date":"2025-07-17T15:18:43","date_gmt":"2025-07-17T18:18:43","guid":{"rendered":"https:\/\/riberpoxi.com.br\/?page_id=115"},"modified":"2025-07-17T15:59:20","modified_gmt":"2025-07-17T18:59:20","slug":"produtos","status":"publish","type":"page","link":"https:\/\/riberpoxi.com.br\/index.php\/produtos\/","title":{"rendered":"Produtos"},"content":{"rendered":"\t\t<div data-elementor-type=\"wp-page\" data-elementor-id=\"115\" class=\"elementor elementor-115\" data-elementor-post-type=\"page\">\n\t\t\t\t\t\t<section class=\"elementor-section elementor-top-section elementor-element elementor-element-8d563a9 elementor-section-height-min-height elementor-section-items-bottom elementor-section-boxed elementor-section-height-default\" data-id=\"8d563a9\" data-element_type=\"section\" data-settings=\"{&quot;background_background&quot;:&quot;classic&quot;}\">\n\t\t\t\t\t\t\t<div class=\"elementor-background-overlay\"><\/div>\n\t\t\t\t\t\t\t<div class=\"elementor-container elementor-column-gap-default\">\n\t\t\t\t\t<div class=\"elementor-column elementor-col-100 elementor-top-column elementor-element elementor-element-27d7161\" data-id=\"27d7161\" data-element_type=\"column\">\n\t\t\t<div class=\"elementor-widget-wrap elementor-element-populated\">\n\t\t\t\t\t\t<div class=\"elementor-element elementor-element-adbb2a0 elementor-widget elementor-widget-heading\" data-id=\"adbb2a0\" data-element_type=\"widget\" data-widget_type=\"heading.default\">\n\t\t\t\t\t<h2 class=\"elementor-heading-title elementor-size-default\">Conhe\u00e7a nosso<br><b>Portf\u00f3lio de Produtos<\/b><\/h2>\t\t\t\t<\/div>\n\t\t\t\t\t<\/div>\n\t\t<\/div>\n\t\t\t\t\t<\/div>\n\t\t<\/section>\n\t\t\t\t<section class=\"elementor-section elementor-top-section elementor-element elementor-element-8d71a64 elementor-section-boxed elementor-section-height-default elementor-section-height-default\" data-id=\"8d71a64\" data-element_type=\"section\" data-settings=\"{&quot;background_background&quot;:&quot;classic&quot;}\">\n\t\t\t\t\t\t<div class=\"elementor-container elementor-column-gap-no\">\n\t\t\t\t\t<div class=\"elementor-column elementor-col-100 elementor-top-column elementor-element elementor-element-36beb35\" data-id=\"36beb35\" data-element_type=\"column\">\n\t\t\t<div class=\"elementor-widget-wrap elementor-element-populated\">\n\t\t\t\t\t\t<div class=\"elementor-element elementor-element-7a52e38 elementor-widget elementor-widget-text-editor\" data-id=\"7a52e38\" data-element_type=\"widget\" data-widget_type=\"text-editor.default\">\n\t\t\t\t\t\t\t\t\t<p><b>Convidamos voc\u00ea a conhecer o universo dos Revestimentos e suas v\u00e1rias possibilidades! <\/b>Seja em \u00e1reas Industriais ou Corporativas, nossa linha completa de revestimentos tem a solu\u00e7\u00e3o ideal para cada tipo de \u00e1rea da sua empresa!<\/p>\t\t\t\t\t\t\t\t<\/div>\n\t\t\t\t\t<\/div>\n\t\t<\/div>\n\t\t\t\t\t<\/div>\n\t\t<\/section>\n\t\t\t\t<section class=\"elementor-section elementor-top-section elementor-element elementor-element-3c9f0fe elementor-section-boxed elementor-section-height-default elementor-section-height-default\" data-id=\"3c9f0fe\" data-element_type=\"section\" data-settings=\"{&quot;background_background&quot;:&quot;classic&quot;}\">\n\t\t\t\t\t\t<div class=\"elementor-container elementor-column-gap-default\">\n\t\t\t\t\t<div class=\"elementor-column elementor-col-100 elementor-top-column elementor-element elementor-element-a076b65\" data-id=\"a076b65\" data-element_type=\"column\">\n\t\t\t<div class=\"elementor-widget-wrap elementor-element-populated\">\n\t\t\t\t\t\t<div class=\"elementor-element elementor-element-55d9ad9 elementor-grid-1 elementor-grid-tablet-2 elementor-grid-mobile-1 elementor-posts--thumbnail-top elementor-card-shadow-yes elementor-posts__hover-gradient elementor-widget elementor-widget-posts\" data-id=\"55d9ad9\" data-element_type=\"widget\" data-settings=\"{&quot;pagination_type&quot;:&quot;numbers&quot;,&quot;cards_columns&quot;:&quot;1&quot;,&quot;cards_columns_tablet&quot;:&quot;2&quot;,&quot;cards_columns_mobile&quot;:&quot;1&quot;,&quot;cards_row_gap&quot;:{&quot;unit&quot;:&quot;px&quot;,&quot;size&quot;:35,&quot;sizes&quot;:[]},&quot;cards_row_gap_tablet&quot;:{&quot;unit&quot;:&quot;px&quot;,&quot;size&quot;:&quot;&quot;,&quot;sizes&quot;:[]},&quot;cards_row_gap_mobile&quot;:{&quot;unit&quot;:&quot;px&quot;,&quot;size&quot;:&quot;&quot;,&quot;sizes&quot;:[]}}\" data-widget_type=\"posts.cards\">\n\t\t\t\t<div class=\"elementor-widget-container\">\n\t\t\t\t\t\t\t<div class=\"elementor-posts-container elementor-posts elementor-posts--skin-cards elementor-grid\">\n\t\t\t\t<article class=\"elementor-post elementor-grid-item post-124 page type-page status-publish hentry\">\n\t\t\t<div class=\"elementor-post__card\">\n\t\t\t\t<div class=\"elementor-post__text\">\n\t\t\t\t<h3 class=\"elementor-post__title\">\n\t\t\t<a href=\"https:\/\/riberpoxi.com.br\/index.php\/produtos\/piso-uretano\/\" >\n\t\t\t\tPiso Uretano\t\t\t<\/a>\n\t\t<\/h3>\n\t\t\t\t<div class=\"elementor-post__excerpt\">\n\t\t\t<p>Resist\u00eancia Extrema para Ambientes Industriais Severos A Linha Uretano foi desenvolvida para atender \u00e0s mais exigentes condi\u00e7\u00f5es industriais, aliando alta resist\u00eancia mec\u00e2nica, t\u00e9rmica e qu\u00edmica com um acabamento est\u00e9tico duradouro. Formada por sistemas compostos de<\/p>\n\t\t<\/div>\n\t\t\n\t\t<a class=\"elementor-post__read-more\" href=\"https:\/\/riberpoxi.com.br\/index.php\/produtos\/piso-uretano\/\" aria-label=\"Read more about Piso Uretano\" tabindex=\"-1\" >\n\t\t\tVeja os sistemas \u00bb\t\t<\/a>\n\n\t\t\t\t<\/div>\n\t\t\t\t\t<\/div>\n\t\t<\/article>\n\t\t\t\t<article class=\"elementor-post elementor-grid-item post-132 page type-page status-publish hentry\">\n\t\t\t<div class=\"elementor-post__card\">\n\t\t\t\t<div class=\"elementor-post__text\">\n\t\t\t\t<h3 class=\"elementor-post__title\">\n\t\t\t<a href=\"https:\/\/riberpoxi.com.br\/index.php\/produtos\/piso-epoxi\/\" >\n\t\t\t\tPiso Ep\u00f3xi\t\t\t<\/a>\n\t\t<\/h3>\n\t\t\t\t<div class=\"elementor-post__excerpt\">\n\t\t\t<p>Solu\u00e7\u00f5es Vers\u00e1teis e de Alto Desempenho para Diferentes Exig\u00eancias Industriais A Linha Ep\u00f3xi oferece sistemas de revestimentos monol\u00edticos que se destacam por sua est\u00e9tica sofisticada, ampla variedade de cores e excelente desempenho t\u00e9cnico. Dispon\u00edvel em<\/p>\n\t\t<\/div>\n\t\t\n\t\t<a class=\"elementor-post__read-more\" href=\"https:\/\/riberpoxi.com.br\/index.php\/produtos\/piso-epoxi\/\" aria-label=\"Read more about Piso Ep\u00f3xi\" tabindex=\"-1\" >\n\t\t\tVeja os sistemas \u00bb\t\t<\/a>\n\n\t\t\t\t<\/div>\n\t\t\t\t\t<\/div>\n\t\t<\/article>\n\t\t\t\t<article class=\"elementor-post elementor-grid-item post-137 page type-page status-publish hentry\">\n\t\t\t<div class=\"elementor-post__card\">\n\t\t\t\t<div class=\"elementor-post__text\">\n\t\t\t\t<h3 class=\"elementor-post__title\">\n\t\t\t<a href=\"https:\/\/riberpoxi.com.br\/index.php\/produtos\/impermeabilizacao\/\" >\n\t\t\t\tImpermeabiliza\u00e7\u00e3o\t\t\t<\/a>\n\t\t<\/h3>\n\t\t\t\t<div class=\"elementor-post__excerpt\">\n\t\t\t<p>Sustentabilidade, Flexibilidade e Alta Performance na Impermeabiliza\u00e7\u00e3o A Linha Impermeabiliza\u00e7\u00e3o foi desenvolvida para entregar solu\u00e7\u00f5es de impermeabiliza\u00e7\u00e3o altamente dur\u00e1veis, sustent\u00e1veis e adapt\u00e1veis \u00e0s exig\u00eancias t\u00e9cnicas e arquitet\u00f4nicas mais complexas. Com baixo peso estrutural e tecnologia<\/p>\n\t\t<\/div>\n\t\t\n\t\t<a class=\"elementor-post__read-more\" href=\"https:\/\/riberpoxi.com.br\/index.php\/produtos\/impermeabilizacao\/\" aria-label=\"Read more about Impermeabiliza\u00e7\u00e3o\" tabindex=\"-1\" >\n\t\t\tVeja os sistemas \u00bb\t\t<\/a>\n\n\t\t\t\t<\/div>\n\t\t\t\t\t<\/div>\n\t\t<\/article>\n\t\t\t\t<article class=\"elementor-post elementor-grid-item post-143 page type-page status-publish hentry\">\n\t\t\t<div class=\"elementor-post__card\">\n\t\t\t\t<div class=\"elementor-post__text\">\n\t\t\t\t<h3 class=\"elementor-post__title\">\n\t\t\t<a href=\"https:\/\/riberpoxi.com.br\/index.php\/produtos\/anticorrosivos\/\" >\n\t\t\t\tAnticorrosivos\t\t\t<\/a>\n\t\t<\/h3>\n\t\t\t\t<div class=\"elementor-post__excerpt\">\n\t\t\t<p>Prote\u00e7\u00e3o Avan\u00e7ada para Ambientes Qu\u00edmicos Severos Os revestimentos anticorrosivos s\u00e3o uma das solu\u00e7\u00f5es mais eficazes e dur\u00e1veis para a prote\u00e7\u00e3o de superf\u00edcies expostas \u00e0 a\u00e7\u00e3o agressiva de agentes qu\u00edmicos. Aplicados em pisos, tanques, estruturas met\u00e1licas,<\/p>\n\t\t<\/div>\n\t\t\n\t\t<a class=\"elementor-post__read-more\" href=\"https:\/\/riberpoxi.com.br\/index.php\/produtos\/anticorrosivos\/\" aria-label=\"Read more about Anticorrosivos\" tabindex=\"-1\" >\n\t\t\tVeja os sistemas \u00bb\t\t<\/a>\n\n\t\t\t\t<\/div>\n\t\t\t\t\t<\/div>\n\t\t<\/article>\n\t\t\t\t<\/div>\n\t\t\n\t\t\t\t\t\t<\/div>\n\t\t\t\t<\/div>\n\t\t\t\t\t<\/div>\n\t\t<\/div>\n\t\t\t\t\t<\/div>\n\t\t<\/section>\n\t\t\t\t<\/div>\n\t\t","protected":false},"excerpt":{"rendered":"<p>Conhe\u00e7a nossoPortf\u00f3lio de Produtos Convidamos voc\u00ea a conhecer o universo dos Revestimentos e suas v\u00e1rias possibilidades! Seja em \u00e1reas Industriais ou Corporativas, nossa linha completa de revestimentos tem a solu\u00e7\u00e3o ideal para cada tipo de \u00e1rea da sua empresa!<\/p>\n","protected":false},"author":1,"featured_media":0,"parent":0,"menu_order":0,"comment_status":"closed","ping_status":"closed","template":"","meta":{"footnotes":""},"class_list":["post-115","page","type-page","status-publish","hentry"],"_links":{"self":[{"href":"https:\/\/riberpoxi.com.br\/index.php\/wp-json\/wp\/v2\/pages\/115","targetHints":{"allow":["GET"]}}],"collection":[{"href":"https:\/\/riberpoxi.com.br\/index.php\/wp-json\/wp\/v2\/pages"}],"about":[{"href":"https:\/\/riberpoxi.com.br\/index.php\/wp-json\/wp\/v2\/types\/page"}],"author":[{"embeddable":true,"href":"https:\/\/riberpoxi.com.br\/index.php\/wp-json\/wp\/v2\/users\/1"}],"replies":[{"embeddable":true,"href":"https:\/\/riberpoxi.com.br\/index.php\/wp-json\/wp\/v2\/comments?post=115"}],"version-history":[{"count":10,"href":"https:\/\/riberpoxi.com.br\/index.php\/wp-json\/wp\/v2\/pages\/115\/revisions"}],"predecessor-version":[{"id":150,"href":"https:\/\/riberpoxi.com.br\/index.php\/wp-json\/wp\/v2\/pages\/115\/revisions\/150"}],"wp:attachment":[{"href":"https:\/\/riberpoxi.com.br\/index.php\/wp-json\/wp\/v2\/media?parent=115"}],"curies":[{"name":"wp","href":"https:\/\/api.w.org\/{rel}","templated":true}]}}