{"id":143,"date":"2025-07-17T15:51:12","date_gmt":"2025-07-17T18:51:12","guid":{"rendered":"https:\/\/riberpoxi.com.br\/?page_id=143"},"modified":"2025-08-13T09:37:12","modified_gmt":"2025-08-13T12:37:12","slug":"anticorrosivos","status":"publish","type":"page","link":"https:\/\/riberpoxi.com.br\/index.php\/produtos\/anticorrosivos\/","title":{"rendered":"Anticorrosivos"},"content":{"rendered":"\t\t<div data-elementor-type=\"wp-page\" data-elementor-id=\"143\" class=\"elementor elementor-143\" data-elementor-post-type=\"page\">\n\t\t\t\t\t\t<section class=\"elementor-section elementor-top-section elementor-element elementor-element-4304f81 elementor-section-height-min-height elementor-section-items-bottom elementor-section-boxed elementor-section-height-default\" data-id=\"4304f81\" data-element_type=\"section\" data-settings=\"{&quot;background_background&quot;:&quot;classic&quot;}\">\n\t\t\t\t\t\t\t<div class=\"elementor-background-overlay\"><\/div>\n\t\t\t\t\t\t\t<div class=\"elementor-container elementor-column-gap-default\">\n\t\t\t\t\t<div class=\"elementor-column elementor-col-100 elementor-top-column elementor-element elementor-element-d3179c4\" data-id=\"d3179c4\" data-element_type=\"column\">\n\t\t\t<div class=\"elementor-widget-wrap elementor-element-populated\">\n\t\t\t\t\t\t\t<\/div>\n\t\t<\/div>\n\t\t\t\t\t<\/div>\n\t\t<\/section>\n\t\t\t\t<section class=\"elementor-section elementor-top-section elementor-element elementor-element-aca770f elementor-section-boxed elementor-section-height-default elementor-section-height-default\" data-id=\"aca770f\" data-element_type=\"section\" data-settings=\"{&quot;background_background&quot;:&quot;classic&quot;}\">\n\t\t\t\t\t\t<div class=\"elementor-container elementor-column-gap-default\">\n\t\t\t\t\t<div class=\"elementor-column elementor-col-100 elementor-top-column elementor-element elementor-element-e2db517\" data-id=\"e2db517\" data-element_type=\"column\">\n\t\t\t<div class=\"elementor-widget-wrap elementor-element-populated\">\n\t\t\t\t\t\t<div class=\"elementor-element elementor-element-66a28a5 elementor-widget elementor-widget-text-editor\" data-id=\"66a28a5\" data-element_type=\"widget\" data-widget_type=\"text-editor.default\">\n\t\t\t\t\t\t\t\t\t<p><b>Prote\u00e7\u00e3o Avan\u00e7ada para Ambientes Qu\u00edmicos Severos<\/b><\/p><p>Os revestimentos anticorrosivos s\u00e3o uma das solu\u00e7\u00f5es mais eficazes e dur\u00e1veis para a prote\u00e7\u00e3o de superf\u00edcies expostas \u00e0 a\u00e7\u00e3o agressiva de agentes qu\u00edmicos. Aplicados em pisos, tanques, estruturas met\u00e1licas, bases de equipamentos e \u00e1reas de conten\u00e7\u00e3o, esses sistemas impedem a degrada\u00e7\u00e3o causada por produtos corrosivos, prolongando a vida \u00fatil das instala\u00e7\u00f5es e garantindo seguran\u00e7a operacional.<\/p><p>Trata-se de sistemas comp\u00f3sitos desenvolvidos a partir de resinas termofixas de alta performance, modificadas com cargas inertes e refor\u00e7os espec\u00edficos, que s\u00e3o aplicados conforme a necessidade t\u00e9cnica de cada projeto. A flexibilidade de configura\u00e7\u00f5es permite adaptar o sistema ao tipo de agente qu\u00edmico, temperatura, abras\u00e3o e tipo de substrato envolvido.<\/p><p>A linha de revestimentos anticorrosivos \u00e9 composta por quatro fam\u00edlias distintas de resinas, cada uma com propriedades espec\u00edficas para diferentes tipos de exposi\u00e7\u00e3o qu\u00edmica:<\/p><div>\u00a0<\/div>\t\t\t\t\t\t\t\t<\/div>\n\t\t\t\t\t<\/div>\n\t\t<\/div>\n\t\t\t\t\t<\/div>\n\t\t<\/section>\n\t\t\t\t<section class=\"elementor-section elementor-top-section elementor-element elementor-element-4646a15 elementor-section-boxed elementor-section-height-default elementor-section-height-default\" data-id=\"4646a15\" data-element_type=\"section\">\n\t\t\t\t\t\t<div class=\"elementor-container elementor-column-gap-default\">\n\t\t\t\t\t<div class=\"elementor-column elementor-col-100 elementor-top-column elementor-element elementor-element-c61d44f\" data-id=\"c61d44f\" data-element_type=\"column\">\n\t\t\t<div class=\"elementor-widget-wrap elementor-element-populated\">\n\t\t\t\t\t\t<div class=\"elementor-element elementor-element-1784255 elementor-widget elementor-widget-heading\" data-id=\"1784255\" data-element_type=\"widget\" data-widget_type=\"heading.default\">\n\t\t\t\t\t<h2 class=\"elementor-heading-title elementor-size-default\">Escolha a prote\u00e7\u00e3o certa para seu ambiente industrial<\/h2>\t\t\t\t<\/div>\n\t\t<div class=\"elementor-element elementor-element-4ab16b9 e-flex e-con-boxed e-con e-parent\" data-id=\"4ab16b9\" data-element_type=\"container\">\n\t\t\t\t\t<div class=\"e-con-inner\">\n\t\t<div class=\"elementor-element elementor-element-02bf891 e-con-full e-flex e-con e-child\" data-id=\"02bf891\" data-element_type=\"container\">\n\t\t\t\t<div class=\"elementor-element elementor-element-5783fa3 elementor-widget elementor-widget-image\" data-id=\"5783fa3\" data-element_type=\"widget\" data-widget_type=\"image.default\">\n\t\t\t\t\t\t\t\t\t\t\t\t\t\t\t<img fetchpriority=\"high\" decoding=\"async\" width=\"800\" height=\"600\" src=\"https:\/\/riberpoxi.com.br\/wp-content\/uploads\/2025\/08\/riberpoxi-corrosivos-1024x768.jpg\" class=\"attachment-large size-large wp-image-183\" alt=\"\" srcset=\"https:\/\/riberpoxi.com.br\/wp-content\/uploads\/2025\/08\/riberpoxi-corrosivos-1024x768.jpg 1024w, https:\/\/riberpoxi.com.br\/wp-content\/uploads\/2025\/08\/riberpoxi-corrosivos-300x225.jpg 300w, https:\/\/riberpoxi.com.br\/wp-content\/uploads\/2025\/08\/riberpoxi-corrosivos-768x576.jpg 768w, https:\/\/riberpoxi.com.br\/wp-content\/uploads\/2025\/08\/riberpoxi-corrosivos.jpg 1200w\" sizes=\"(max-width: 800px) 100vw, 800px\" \/>\t\t\t\t\t\t\t\t\t\t\t\t\t\t\t<\/div>\n\t\t\t\t<\/div>\n\t\t<div class=\"elementor-element elementor-element-7fc3505 e-con-full e-flex e-con e-child\" data-id=\"7fc3505\" data-element_type=\"container\">\n\t\t\t\t<div class=\"elementor-element elementor-element-08ddb44 elementor-widget elementor-widget-text-editor\" data-id=\"08ddb44\" data-element_type=\"widget\" data-widget_type=\"text-editor.default\">\n\t\t\t\t\t\t\t\t\t<p>Cada resina da linha de revestimentos anticorrosivos foi desenvolvida para atender a condi\u00e7\u00f5es espec\u00edficas de agressividade qu\u00edmica, temperatura e tipo de substrato. Com apoio t\u00e9cnico e an\u00e1lise pr\u00e9via do ambiente, \u00e9 poss\u00edvel determinar o sistema ideal para garantir a m\u00e1xima durabilidade, seguran\u00e7a e efici\u00eancia do revestimento.<\/p><p><span style=\"font-size: 1rem;\">Precisa proteger sua estrutura contra a corros\u00e3o qu\u00edmica? Fale com nossa equipe t\u00e9cnica e descubra qual sistema anticorrosivo \u00e9 mais adequado para o seu projeto.<\/span><\/p><div>\u00a0<\/div>\t\t\t\t\t\t\t\t<\/div>\n\t\t\t\t<\/div>\n\t\t\t\t\t<\/div>\n\t\t\t\t<\/div>\n\t\t\t\t\t<\/div>\n\t\t<\/div>\n\t\t\t\t\t<\/div>\n\t\t<\/section>\n\t\t\t\t<\/div>\n\t\t","protected":false},"excerpt":{"rendered":"<p>Prote\u00e7\u00e3o Avan\u00e7ada para Ambientes Qu\u00edmicos Severos Os revestimentos anticorrosivos s\u00e3o uma das solu\u00e7\u00f5es mais eficazes e dur\u00e1veis para a prote\u00e7\u00e3o de superf\u00edcies expostas \u00e0 a\u00e7\u00e3o agressiva de agentes qu\u00edmicos. Aplicados em pisos, tanques, estruturas met\u00e1licas, bases de equipamentos e \u00e1reas de conten\u00e7\u00e3o, esses sistemas impedem a degrada\u00e7\u00e3o causada por produtos corrosivos, prolongando a vida \u00fatil [&hellip;]<\/p>\n","protected":false},"author":1,"featured_media":0,"parent":115,"menu_order":0,"comment_status":"closed","ping_status":"closed","template":"","meta":{"footnotes":""},"class_list":["post-143","page","type-page","status-publish","hentry"],"_links":{"self":[{"href":"https:\/\/riberpoxi.com.br\/index.php\/wp-json\/wp\/v2\/pages\/143","targetHints":{"allow":["GET"]}}],"collection":[{"href":"https:\/\/riberpoxi.com.br\/index.php\/wp-json\/wp\/v2\/pages"}],"about":[{"href":"https:\/\/riberpoxi.com.br\/index.php\/wp-json\/wp\/v2\/types\/page"}],"author":[{"embeddable":true,"href":"https:\/\/riberpoxi.com.br\/index.php\/wp-json\/wp\/v2\/users\/1"}],"replies":[{"embeddable":true,"href":"https:\/\/riberpoxi.com.br\/index.php\/wp-json\/wp\/v2\/comments?post=143"}],"version-history":[{"count":10,"href":"https:\/\/riberpoxi.com.br\/index.php\/wp-json\/wp\/v2\/pages\/143\/revisions"}],"predecessor-version":[{"id":189,"href":"https:\/\/riberpoxi.com.br\/index.php\/wp-json\/wp\/v2\/pages\/143\/revisions\/189"}],"up":[{"embeddable":true,"href":"https:\/\/riberpoxi.com.br\/index.php\/wp-json\/wp\/v2\/pages\/115"}],"wp:attachment":[{"href":"https:\/\/riberpoxi.com.br\/index.php\/wp-json\/wp\/v2\/media?parent=143"}],"curies":[{"name":"wp","href":"https:\/\/api.w.org\/{rel}","templated":true}]}}